{"id":66,"date":"2022-03-04T01:46:36","date_gmt":"2022-03-04T01:46:36","guid":{"rendered":"https:\/\/startertemplatecloud.com\/sb01\/?page_id=66"},"modified":"2025-05-27T11:48:59","modified_gmt":"2025-05-27T11:48:59","slug":"hakkimizda","status":"publish","type":"page","link":"https:\/\/lgsyazkampikizilay.com\/index.php\/hakkimizda\/","title":{"rendered":"Hakk\u0131m\u0131zda"},"content":{"rendered":"<style>.kb-row-layout-wrap.wp-block-kadence-rowlayout.kb-row-layout-id66_abfc6f-13{margin-bottom:40px;}.kb-row-layout-id66_abfc6f-13 > .kt-row-column-wrap{align-content:start;}:where(.kb-row-layout-id66_abfc6f-13 > .kt-row-column-wrap) > .wp-block-kadence-column{justify-content:start;}.kb-row-layout-id66_abfc6f-13 > .kt-row-column-wrap{column-gap:var(--global-kb-gap-md, 2rem);row-gap:var(--global-kb-gap-md, 2rem);max-width:960px;margin-left:auto;margin-right:auto;padding-top:150px;padding-bottom:25px;grid-template-columns:minmax(0, 1fr);}.kb-row-layout-id66_abfc6f-13 > .kt-row-layout-overlay{opacity:0.30;}.kb-row-layout-id66_abfc6f-13{z-index:1475;position:relative;}.kb-row-layout-id66_abfc6f-13 .kt-row-layout-bottom-sep{height:100px;}.kb-row-layout-id66_abfc6f-13 .kt-row-layout-bottom-sep svg{width:100%;}.kb-row-layout-id66_abfc6f-13 .kt-row-layout-bottom-sep svg{fill:#ffffff!important;}@media all and (max-width: 1024px){.kb-row-layout-id66_abfc6f-13 > .kt-row-column-wrap{grid-template-columns:minmax(0, 1fr);}}@media all and (max-width: 1024px){.kb-row-layout-id66_abfc6f-13 .kt-row-layout-bottom-sep{height:px;}}@media all and (max-width: 1024px){.kb-row-layout-id66_abfc6f-13 .kt-row-layout-bottom-sep svg{width:%;}}@media all and (max-width: 767px){.kb-row-layout-id66_abfc6f-13 > .kt-row-column-wrap{padding-top:80px;padding-right:25px;padding-left:25px;grid-template-columns:minmax(0, 1fr);}.kb-row-layout-id66_abfc6f-13 .kt-row-layout-bottom-sep{height:px;}.kb-row-layout-id66_abfc6f-13 .kt-row-layout-bottom-sep svg{width:%;}}.kb-row-layout-id66_abfc6f-13 {z-index: 10;}<\/style><div class=\"kb-row-layout-wrap kb-row-layout-id66_abfc6f-13 alignnone wp-block-kadence-rowlayout\"><div class=\"kt-row-column-wrap kt-has-1-columns kt-row-layout-equal kt-tab-layout-inherit kt-mobile-layout-row kt-row-valign-top\">\n<style>.kadence-column66_e7e6bf-22 > .kt-inside-inner-col,.kadence-column66_e7e6bf-22 > .kt-inside-inner-col:before{border-top-left-radius:0px;border-top-right-radius:0px;border-bottom-right-radius:0px;border-bottom-left-radius:0px;}.kadence-column66_e7e6bf-22 > .kt-inside-inner-col{column-gap:var(--global-kb-gap-sm, 1rem);}.kadence-column66_e7e6bf-22 > .kt-inside-inner-col{flex-direction:column;}.kadence-column66_e7e6bf-22 > .kt-inside-inner-col > .aligncenter{width:100%;}.kadence-column66_e7e6bf-22 > .kt-inside-inner-col:before{opacity:0.3;}.kadence-column66_e7e6bf-22{position:relative;}@media all and (max-width: 1024px){.kadence-column66_e7e6bf-22 > .kt-inside-inner-col{flex-direction:column;justify-content:center;}}@media all and (max-width: 767px){.kadence-column66_e7e6bf-22 > .kt-inside-inner-col{flex-direction:column;justify-content:center;}}<\/style>\n<div class=\"wp-block-kadence-column kadence-column66_e7e6bf-22 inner-column-1\"><div class=\"kt-inside-inner-col\"><style>.wp-block-kadence-advancedheading.kt-adv-heading66_0cce00-08, .wp-block-kadence-advancedheading.kt-adv-heading66_0cce00-08[data-kb-block=\"kb-adv-heading66_0cce00-08\"]{display:block;text-align:center;font-size:20px;font-weight:400;font-style:normal;font-family:'Work Sans';}.wp-block-kadence-advancedheading.kt-adv-heading66_0cce00-08 mark.kt-highlight, .wp-block-kadence-advancedheading.kt-adv-heading66_0cce00-08[data-kb-block=\"kb-adv-heading66_0cce00-08\"] mark.kt-highlight{font-style:normal;color:#f76a0c;-webkit-box-decoration-break:clone;box-decoration-break:clone;padding-top:0px;padding-right:0px;padding-bottom:0px;padding-left:0px;}.wp-block-kadence-advancedheading.kt-adv-heading66_0cce00-08 img.kb-inline-image, .wp-block-kadence-advancedheading.kt-adv-heading66_0cce00-08[data-kb-block=\"kb-adv-heading66_0cce00-08\"] img.kb-inline-image{width:150px;vertical-align:baseline;}<\/style>\n<span class=\"kt-adv-heading66_0cce00-08 wp-block-kadence-advancedheading\" data-kb-block=\"kb-adv-heading66_0cce00-08\">Neden Odt\u00fcnet<\/span>\n\n\n\n<div style=\"height:20px\" aria-hidden=\"true\" class=\"wp-block-spacer\"><\/div>\n\n\n<style>.wp-block-kadence-advancedheading.kt-adv-heading66_2f1f23-dd, .wp-block-kadence-advancedheading.kt-adv-heading66_2f1f23-dd[data-kb-block=\"kb-adv-heading66_2f1f23-dd\"]{margin-top:0.3em;text-align:center;font-size:72px;line-height:90px;font-style:normal;}.wp-block-kadence-advancedheading.kt-adv-heading66_2f1f23-dd mark.kt-highlight, .wp-block-kadence-advancedheading.kt-adv-heading66_2f1f23-dd[data-kb-block=\"kb-adv-heading66_2f1f23-dd\"] mark.kt-highlight{font-style:normal;color:#f76a0c;-webkit-box-decoration-break:clone;box-decoration-break:clone;padding-top:0px;padding-right:0px;padding-bottom:0px;padding-left:0px;}.wp-block-kadence-advancedheading.kt-adv-heading66_2f1f23-dd img.kb-inline-image, .wp-block-kadence-advancedheading.kt-adv-heading66_2f1f23-dd[data-kb-block=\"kb-adv-heading66_2f1f23-dd\"] img.kb-inline-image{width:150px;vertical-align:baseline;}@media all and (max-width: 1024px){.wp-block-kadence-advancedheading.kt-adv-heading66_2f1f23-dd, .wp-block-kadence-advancedheading.kt-adv-heading66_2f1f23-dd[data-kb-block=\"kb-adv-heading66_2f1f23-dd\"]{font-size:42px;line-height:60px;}}@media all and (max-width: 767px){.wp-block-kadence-advancedheading.kt-adv-heading66_2f1f23-dd, .wp-block-kadence-advancedheading.kt-adv-heading66_2f1f23-dd[data-kb-block=\"kb-adv-heading66_2f1f23-dd\"]{font-size:28px;line-height:36px;}}<\/style>\n<h1 class=\"kt-adv-heading66_2f1f23-dd wp-block-kadence-advancedheading\" data-kb-block=\"kb-adv-heading66_2f1f23-dd\">Odt\u00fcnet LGS Yaz Kamp\u0131n\u0131 Neden Tercih Etmeliyim ?<\/h1>\n<\/div><\/div>\n\n<\/div><\/div>\n\n<style>.kb-row-layout-id66_7088ac-ee > .kt-row-column-wrap{align-content:start;}:where(.kb-row-layout-id66_7088ac-ee > .kt-row-column-wrap) > .wp-block-kadence-column{justify-content:start;}.kb-row-layout-id66_7088ac-ee > .kt-row-column-wrap{column-gap:var(--global-kb-gap-md, 2rem);row-gap:var(--global-kb-gap-md, 2rem);padding-top:var(--global-kb-spacing-sm, 1.5rem);padding-bottom:var(--global-kb-spacing-sm, 1.5rem);min-height:527px;grid-template-columns:minmax(0, 1fr);}.kb-row-layout-id66_7088ac-ee{border-top-left-radius:24px;border-top-right-radius:24px;border-bottom-right-radius:24px;border-bottom-left-radius:24px;overflow:clip;isolation:isolate;}.kb-row-layout-id66_7088ac-ee > .kt-row-layout-overlay{border-top-left-radius:24px;border-top-right-radius:24px;border-bottom-right-radius:24px;border-bottom-left-radius:24px;}.kb-row-layout-id66_7088ac-ee{background-image:url('http:\/\/lgsyazkampikizilay.com\/wp-content\/uploads\/2025\/05\/cropped-cropped-odtunet-logo-guncel.webp');background-size:contain;background-position:47% 32%;background-attachment:scroll;background-repeat:repeat-y;}.kb-row-layout-id66_7088ac-ee > .kt-row-layout-overlay{opacity:0.30;}@media all and (max-width: 1024px){.kb-row-layout-id66_7088ac-ee > .kt-row-column-wrap{padding-right:25px;padding-left:25px;grid-template-columns:minmax(0, 1fr);}}@media all and (max-width: 767px){.kb-row-layout-id66_7088ac-ee > .kt-row-column-wrap{padding-right:25px;padding-left:25px;grid-template-columns:minmax(0, 1fr);}.kb-row-layout-wrap.wp-block-kadence-rowlayout.kb-row-layout-id66_7088ac-ee{background-image:url('http:\/\/lgsyazkampikizilay.com\/wp-content\/uploads\/2022\/03\/cassidy-dickens-R0o2u1s1K9E-unsplash-1-1.png')!important;background-size:cover;background-position:24% 70%;background-attachment:scroll;background-repeat:no-repeat;}}.kb-row-layout-id66_7088ac-ee {margin: 0px 5px;}<\/style><div style=\"background-image: url(http:\/\/lgsyazkampikizilay.com\/wp-content\/uploads\/2025\/05\/cropped-cropped-odtunet-logo-guncel.webp);\" class=\"kb-row-layout-wrap kb-row-layout-id66_7088ac-ee alignnone kt-row-has-bg wp-block-kadence-rowlayout\"><div class=\"kt-row-column-wrap kt-has-1-columns kt-row-layout-equal kt-tab-layout-inherit kt-mobile-layout-row kt-row-valign-top\">\n<style>.kadence-column66_f27b3b-5f > .kt-inside-inner-col,.kadence-column66_f27b3b-5f > .kt-inside-inner-col:before{border-top-left-radius:0px;border-top-right-radius:0px;border-bottom-right-radius:0px;border-bottom-left-radius:0px;}.kadence-column66_f27b3b-5f > .kt-inside-inner-col{column-gap:var(--global-kb-gap-sm, 1rem);}.kadence-column66_f27b3b-5f > .kt-inside-inner-col{flex-direction:column;}.kadence-column66_f27b3b-5f > .kt-inside-inner-col > .aligncenter{width:100%;}.kadence-column66_f27b3b-5f > .kt-inside-inner-col:before{opacity:0.3;}.kadence-column66_f27b3b-5f{position:relative;}@media all and (max-width: 1024px){.kadence-column66_f27b3b-5f > .kt-inside-inner-col{flex-direction:column;justify-content:center;}}@media all and (max-width: 767px){.kadence-column66_f27b3b-5f > .kt-inside-inner-col{flex-direction:column;justify-content:center;}.kadence-column66_f27b3b-5f, .kt-inside-inner-col > .kadence-column66_f27b3b-5f:not(.specificity){margin-right:10px;margin-left:10px;}}<\/style>\n<div class=\"wp-block-kadence-column kadence-column66_f27b3b-5f inner-column-1\"><div class=\"kt-inside-inner-col\"><\/div><\/div>\n\n<\/div><\/div>\n\n<style>.kb-row-layout-wrap.wp-block-kadence-rowlayout.kb-row-layout-id66_a5651c-14{margin-top:40px;margin-bottom:40px;}.kb-row-layout-id66_a5651c-14 > .kt-row-column-wrap{align-content:start;}:where(.kb-row-layout-id66_a5651c-14 > .kt-row-column-wrap) > .wp-block-kadence-column{justify-content:start;}.kb-row-layout-id66_a5651c-14 > .kt-row-column-wrap{column-gap:var(--global-kb-gap-md, 2rem);row-gap:var(--global-kb-gap-md, 2rem);max-width:960px;margin-left:auto;margin-right:auto;padding-top:var(--global-kb-spacing-sm, 1.5rem);padding-bottom:var(--global-kb-spacing-sm, 1.5rem);grid-template-columns:minmax(0, 1fr);}.kb-row-layout-id66_a5651c-14 > .kt-row-layout-overlay{opacity:0.30;}@media all and (max-width: 1024px){.kb-row-layout-id66_a5651c-14 > .kt-row-column-wrap{grid-template-columns:minmax(0, 1fr);}}@media all and (max-width: 767px){.kb-row-layout-id66_a5651c-14 > .kt-row-column-wrap{padding-right:25px;padding-left:25px;grid-template-columns:minmax(0, 1fr);}}<\/style><div class=\"kb-row-layout-wrap kb-row-layout-id66_a5651c-14 alignnone wp-block-kadence-rowlayout\"><div class=\"kt-row-column-wrap kt-has-1-columns kt-row-layout-equal kt-tab-layout-inherit kt-mobile-layout-row kt-row-valign-top\">\n<style>.kadence-column66_ea313b-67 > .kt-inside-inner-col,.kadence-column66_ea313b-67 > .kt-inside-inner-col:before{border-top-left-radius:0px;border-top-right-radius:0px;border-bottom-right-radius:0px;border-bottom-left-radius:0px;}.kadence-column66_ea313b-67 > .kt-inside-inner-col{column-gap:var(--global-kb-gap-sm, 1rem);}.kadence-column66_ea313b-67 > .kt-inside-inner-col{flex-direction:column;}.kadence-column66_ea313b-67 > .kt-inside-inner-col > .aligncenter{width:100%;}.kadence-column66_ea313b-67 > .kt-inside-inner-col:before{opacity:0.3;}.kadence-column66_ea313b-67{position:relative;}@media all and (max-width: 1024px){.kadence-column66_ea313b-67 > .kt-inside-inner-col{flex-direction:column;justify-content:center;}}@media all and (max-width: 767px){.kadence-column66_ea313b-67 > .kt-inside-inner-col{flex-direction:column;justify-content:center;}}<\/style>\n<div class=\"wp-block-kadence-column kadence-column66_ea313b-67 inner-column-1\"><div class=\"kt-inside-inner-col\"><style>.wp-block-kadence-advancedheading.kt-adv-heading66_500ada-5d, .wp-block-kadence-advancedheading.kt-adv-heading66_500ada-5d[data-kb-block=\"kb-adv-heading66_500ada-5d\"]{text-align:center;font-size:40px;line-height:56px;font-style:normal;}.wp-block-kadence-advancedheading.kt-adv-heading66_500ada-5d mark.kt-highlight, .wp-block-kadence-advancedheading.kt-adv-heading66_500ada-5d[data-kb-block=\"kb-adv-heading66_500ada-5d\"] mark.kt-highlight{font-style:normal;color:#f76a0c;-webkit-box-decoration-break:clone;box-decoration-break:clone;padding-top:0px;padding-right:0px;padding-bottom:0px;padding-left:0px;}.wp-block-kadence-advancedheading.kt-adv-heading66_500ada-5d img.kb-inline-image, .wp-block-kadence-advancedheading.kt-adv-heading66_500ada-5d[data-kb-block=\"kb-adv-heading66_500ada-5d\"] img.kb-inline-image{width:150px;vertical-align:baseline;}@media all and (max-width: 1024px){.wp-block-kadence-advancedheading.kt-adv-heading66_500ada-5d, .wp-block-kadence-advancedheading.kt-adv-heading66_500ada-5d[data-kb-block=\"kb-adv-heading66_500ada-5d\"]{font-size:36px;}}@media all and (max-width: 767px){.wp-block-kadence-advancedheading.kt-adv-heading66_500ada-5d, .wp-block-kadence-advancedheading.kt-adv-heading66_500ada-5d[data-kb-block=\"kb-adv-heading66_500ada-5d\"]{font-size:28px;line-height:36px;}}<\/style>\n<p class=\"kt-adv-heading66_500ada-5d wp-block-kadence-advancedheading\" data-kb-block=\"kb-adv-heading66_500ada-5d\"><strong>LGS Dershane Yaz Kamp\u0131: Ba\u015far\u0131ya Giden Yolda Bir Ad\u0131m \u00d6nde Ba\u015fla!<\/strong><br>Liseye Ge\u00e7i\u015f Sistemi (LGS), \u00f6\u011frencilerin gelece\u011fini \u015fekillendiren \u00f6nemli bir s\u0131navd\u0131r. Bu s\u00fcreci en verimli \u015fekilde de\u011ferlendirmek isteyen \u00f6\u011frenciler i\u00e7in yaz aylar\u0131, sadece dinlenme zaman\u0131 de\u011fil, ayn\u0131 zamanda eksiklerini kapatmak ve bir ad\u0131m \u00f6ne ge\u00e7mek i\u00e7in b\u00fcy\u00fck bir f\u0131rsatt\u0131r. Bu nedenle LGS dershane yaz kamplar\u0131, hem akademik ba\u015far\u0131y\u0131 art\u0131rmak hem de d\u00fczenli bir \u00e7al\u0131\u015fma disiplini kazand\u0131rmak i\u00e7in ideal bir \u00e7\u00f6z\u00fcmd\u00fcr.<br><strong>Yaz Kamp\u0131nda Neler Var?<\/strong><br>LGS yaz kamplar\u0131, genellikle 6, 7 ve 8. s\u0131n\u0131f \u00f6\u011frencilerine y\u00f6nelik olarak planlan\u0131r ve yo\u011funla\u015ft\u0131r\u0131lm\u0131\u015f bir programla y\u00fcr\u00fct\u00fcl\u00fcr. Bu kamplarda:<br>T\u00fcrk\u00e7e, Matematik, Fen Bilimleri, \u0130nk\u0131lap Tarihi, Din K\u00fclt\u00fcr\u00fc ve \u0130ngilizce gibi s\u0131nav derslerine y\u00f6nelik konu tekrarlar\u0131 yap\u0131l\u0131r.<br>S\u0131k s\u0131k deneme s\u0131navlar\u0131 uygulanarak \u00f6\u011frencinin geli\u015fimi takip edilir.<br>Birebir et\u00fct ve rehberlik deste\u011fiyle \u00f6\u011frencinin eksik oldu\u011fu konular hedef al\u0131n\u0131r.<br>Motivasyon konu\u015fmalar\u0131 ve s\u0131nav stratejileriyle \u00f6\u011frencinin moral ve \u00f6zg\u00fcveni art\u0131r\u0131l\u0131r.<br><strong>Neden Yaz Kamp\u0131?<\/strong><br>Yaz d\u00f6neminde yap\u0131lan d\u00fczenli \u00e7al\u0131\u015fmalar, \u00f6\u011frencinin hem eksiklerini kapatmas\u0131n\u0131 hem de bir sonraki e\u011fitim-\u00f6\u011fretim y\u0131l\u0131na haz\u0131rl\u0131kl\u0131 ba\u015flamas\u0131n\u0131 sa\u011flar. Ayn\u0131 zamanda okul temposunun d\u0131\u015f\u0131nda daha sakin bir ortamda \u00e7al\u0131\u015fmak, \u00f6\u011frenilen bilgilerin kal\u0131c\u0131l\u0131\u011f\u0131n\u0131 art\u0131r\u0131r.<br>Ayr\u0131ca, kamp ortam\u0131 \u00f6\u011frencilerin sosyalle\u015fmesini, tak\u0131m \u00e7al\u0131\u015fmas\u0131 yapmas\u0131n\u0131 ve s\u0131nav kayg\u0131s\u0131n\u0131 azaltmas\u0131n\u0131 da sa\u011flar. Bu sayede sadece akademik de\u011fil, duygusal ve sosyal y\u00f6nden de geli\u015fim desteklenmi\u015f olur.<br><\/p>\n<\/div><\/div>\n\n<\/div><\/div>","protected":false},"excerpt":{"rendered":"<p>Neden Odt\u00fcnet Odt\u00fcnet LGS Yaz Kamp\u0131n\u0131 Neden Tercih Etmeliyim ? LGS Dershane Yaz Kamp\u0131: Ba\u015far\u0131ya Giden Yolda Bir Ad\u0131m \u00d6nde Ba\u015fla!Liseye Ge\u00e7i\u015f Sistemi (LGS), \u00f6\u011frencilerin gelece\u011fini \u015fekillendiren \u00f6nemli bir s\u0131navd\u0131r. Bu s\u00fcreci en verimli \u015fekilde de\u011ferlendirmek isteyen \u00f6\u011frenciler i\u00e7in yaz aylar\u0131, sadece dinlenme zaman\u0131 de\u011fil, ayn\u0131 zamanda eksiklerini kapatmak ve bir ad\u0131m \u00f6ne ge\u00e7mek i\u00e7in&#8230;<\/p>\n","protected":false},"author":1,"featured_media":0,"parent":0,"menu_order":0,"comment_status":"closed","ping_status":"closed","template":"","meta":{"give_campaign_id":0,"_kadence_starter_templates_imported_post":true,"_kad_post_transparent":"default","_kad_post_title":"","_kad_post_layout":"","_kad_post_sidebar_id":"","_kad_post_content_style":"","_kad_post_vertical_padding":"","_kad_post_feature":"","_kad_post_feature_position":"","_kad_post_header":false,"_kad_post_footer":false,"_kad_post_classname":"","footnotes":""},"class_list":["post-66","page","type-page","status-publish","hentry"],"campaignId":"","_links":{"self":[{"href":"https:\/\/lgsyazkampikizilay.com\/index.php\/wp-json\/wp\/v2\/pages\/66","targetHints":{"allow":["GET"]}}],"collection":[{"href":"https:\/\/lgsyazkampikizilay.com\/index.php\/wp-json\/wp\/v2\/pages"}],"about":[{"href":"https:\/\/lgsyazkampikizilay.com\/index.php\/wp-json\/wp\/v2\/types\/page"}],"author":[{"embeddable":true,"href":"https:\/\/lgsyazkampikizilay.com\/index.php\/wp-json\/wp\/v2\/users\/1"}],"replies":[{"embeddable":true,"href":"https:\/\/lgsyazkampikizilay.com\/index.php\/wp-json\/wp\/v2\/comments?post=66"}],"version-history":[{"count":4,"href":"https:\/\/lgsyazkampikizilay.com\/index.php\/wp-json\/wp\/v2\/pages\/66\/revisions"}],"predecessor-version":[{"id":1385,"href":"https:\/\/lgsyazkampikizilay.com\/index.php\/wp-json\/wp\/v2\/pages\/66\/revisions\/1385"}],"wp:attachment":[{"href":"https:\/\/lgsyazkampikizilay.com\/index.php\/wp-json\/wp\/v2\/media?parent=66"}],"curies":[{"name":"wp","href":"https:\/\/api.w.org\/{rel}","templated":true}]}}